{"id":554,"date":"2025-03-31T20:42:47","date_gmt":"2025-03-31T20:42:47","guid":{"rendered":"https:\/\/imct.gov.co\/circuito\/?page_id=554"},"modified":"2025-04-05T03:50:31","modified_gmt":"2025-04-05T03:50:31","slug":"recorrido-2","status":"publish","type":"page","link":"https:\/\/imct.gov.co\/circuito\/index.php\/recorrido-2\/","title":{"rendered":"Itinerario"},"content":{"rendered":"\n<!DOCTYPE html>\n<html lang=\"es\">\n<head>\n    <meta charset=\"UTF-8\">\n    <meta name=\"viewport\" content=\"width=device-width, initial-scale=1.0\">\n    <title>Circuito de los Or\u00edgenes<\/title>\n    <style>\n        body {\n            font-family: 'Arial', sans-serif;\n            margin: 0;\n            padding: 0;\n            color: #333;\n            background-color: #f9f9f9;\n        }\n        .container {\n            max-width: 1200px;\n            margin: 0 auto;\n            padding: 20px;\n        }\n        .header {\n            text-align: center;\n            padding: 40px 20px;\n            background: url('https:\/\/imct.gov.co\/circuito\/wp-content\/uploads\/2025\/03\/bacj.png') no-repeat center center;\n            background-size: cover;\n            color: white;\n        }\n        .header h1 {\n            margin: 0;\n            font-size: 2.2em;\n            color: white;\n        }\n        .gallery {\n            display: grid;\n            grid-template-columns: repeat(auto-fit, minmax(300px, 1fr));\n            gap: 15px;\n            margin: 30px 0;\n        }\n        .gallery img {\n            width: 100%;\n            height: auto;\n            border-radius: 8px;\n            box-shadow: 0px 4px 10px rgba(0, 0, 0, 0.2);\n        }\n        .content-section {\n            background: white;\n            padding: 30px;\n            border-radius: 10px;\n            box-shadow: 0px 4px 10px rgba(0, 0, 0, 0.1);\n            margin-bottom: 20px;\n        }\n        .highlight-section {\n            background: url('https:\/\/imct.gov.co\/circuito\/wp-content\/uploads\/2025\/03\/bacj.png') no-repeat center center;\n            background-size: cover;\n            padding: 30px;\n            border-radius: 10px;\n            box-shadow: 0px 4px 10px rgba(0, 0, 0, 0.2);\n            text-align: center;\n            font-weight: bold;\n            color: white;\n        }\n        .highlight-section h3 {\n            color: white !important;\n            text-align: center !important;\n        }\n        .title-container {\n            display: flex;\n            align-items: center;\n            gap: 5px;\n        }\n        .title-container img {\n            width: 24px;\n            height: 24px;\n            opacity: 0.6;\n        }\n        .content-section h2 {\n            color: #008000;\n            font-size: 1.5em;\n            padding-bottom: 10px;\n            border-bottom: 3px solid #ccc;\n            display: flex;\n            align-items: center;\n            gap: 5px;\n        }\n        .three-columns {\n            display: flex;\n            flex-direction: column;\n            gap: 20px;\n        }\n        .gray-background {\n            background-color: #f0f0f0;\n        }\n        .column {\n            flex: 1;\n        }\n        @media (min-width: 768px) {\n            .three-columns {\n                flex-direction: row;\n            }\n        }\n    <\/style>\n<\/head>\n<body>\n    <div class=\"header\">\n        <h1>Circuito de los Or\u00edgenes<\/h1>\n    <\/div>\n    <div class=\"container\">\n        <div class=\"content-section\">\n            <div class=\"title-container\">\n                <h2>\u00bfQuieres conocer el centro hist\u00f3rico Bucaramanga? <img decoding=\"async\" src=\"https:\/\/imct.gov.co\/circuito\/wp-content\/uploads\/2025\/03\/8ixrxoArT.png\" alt=\"Icono\"><\/h2>\n            <\/div>\n            <p>En esta ruta descubrir\u00e1s la arquitectura, las historias y los personajes que han moldeado la ciudad, mientras recorres lugares emblem\u00e1ticos como la Casa del Libro Total, la Capilla de los Dolores y el Parque Garc\u00eda Rovira. Adem\u00e1s, deleitar\u00e1s el paladar con los manjares de nuestra regi\u00f3n.  <b>\u00a1Un plan imperdible! <b><\/p>\n        <\/div>\n        <div class=\"gallery\">\n            <img decoding=\"async\" src=\"https:\/\/imct.gov.co\/circuito\/wp-content\/uploads\/2025\/03\/24-de-Agosto-de-2024-FOTOGRAFIA-1-Circuito-de-los-Origenes-Hotel-Sonesta-scaled.jpg\" alt=\"Foto 1\">\n            <img decoding=\"async\" src=\"https:\/\/imct.gov.co\/circuito\/wp-content\/uploads\/2025\/04\/circ-3.png\" alt=\"Foto 2\">\n            <img decoding=\"async\" src=\"https:\/\/imct.gov.co\/circuito\/wp-content\/uploads\/2025\/04\/13-de-Abril-de-2024-FOTOGRAFIA-1-Circuito-de-los-Origenes.-1-scaled.jpg\" alt=\"Foto 3\">\n        <\/div>\n        <div class=\"content-section\">\n            <h2>Itinerario<\/h2>\n            <p>Nos reuniremos a la hora indicada en la Casa del Libro Total, una emblem\u00e1tica casona\ncolonial con m\u00e1s de 200 a\u00f1os de historia. En este punto de partida, el caf\u00e9 ser\u00e1 el gran\nprotagonista.\nAll\u00ed ser\u00e1n recibidos por un gu\u00eda tur\u00edstico y dos personajes que representan la\nidiosincrasia de nuestra regi\u00f3n: Alejandrina Pe\u00f1a y Tulio Pascual, dos santandereanos\nde pura cepa. <br>\nDurante el recorrido, visitaremos sitios emblem\u00e1ticos como la Capilla de los \u2018Dolores\u2019,\nla Alcald\u00eda de Bucaramanga, la Plaza C\u00edvica \u2018Luis Carlos Gal\u00e1n\u2019, el Parque \u2018Garc\u00eda\nRovira\u2019, la Iglesia de \u2018San Laureano\u2019 y el Patio de los \u2018Edecanes\u2019, entre otros. Estas\nedificaciones han sido testigos clave del origen y la evoluci\u00f3n de la ciudad bonita. <br>\nEn nuestra ruta admiraremos los principales monumentos de personajes que han\nmoldeado la ciudad, como el Monumento a los Fundadores, el Busto \u2018Homenaje a\nGal\u00e1n\u2019, el monumento a \u2018Custodio Garcia Rovira\u2019 y la escultura de \u2018Manuela Beltr\u00e1n\u2019.\nAdem\u00e1s de recorrer el centro hist\u00f3rico, disfrutaremos de la gastronom\u00eda local a trav\u00e9s\nde empresas que, durante d\u00e9cadas, se han consolidado como referentes de la tradici\u00f3n\nsantandereana.\nTras dos horas y media de experiencia, nos despediremos y daremos cierre al Circuito\nde los Or\u00edgenes.<\/p>\n        <\/div>\n        <div class=\"content-section three-columns gray-background\">\n            <div class=\"column\">\n                <h2>Detalles<\/h2>\n                <ul>\n                    <li>Duraci\u00f3n: 2h 30m.<\/li>\n                    <li>Idioma: Espa\u00f1ol e ingl\u00e9s.<\/li>\n                    <li>Incluye: Gu\u00eda tur\u00edstico, degustaciones, descuentos.<\/li>\n                     <li>Esfuerzo: Apto para toda la familia.<\/li>\n                     <li>Valor: gratuito<\/li>\n                <\/ul>\n            <\/div>\n            <div class=\"column\">\n                <h2>Reservas<\/h2>\n                <ul>\n                    <li>Lunes a viernes: (Entidades, universidades y colegios)<\/li>\n                    <li>S\u00e1bados: Particulares (P\u00fablico en general) <\/li>\n                  \n                <\/ul>\n            <\/div>\n            <div class=\"column\">\n                <h2>Accesibilidad &#038; Operador<\/h2>\n                <ul>\n                    <li>Accesible en silla de ruedas (requiere acompa\u00f1ante).<\/li>\n                   \n                    <li>Mascotas permitidas.<\/li>\n                    <li>Operador: IMCT \/ Alcald\u00eda de Bucaramanga.<\/li>\n                <\/ul>\n            <\/div>\n        <\/div>\n        <div class=\"content-section highlight-section\">\n            <h3>Punto de encuentro:<\/h3>\n            <p>Casa del Libro Total de Bucaramanga, Cl 35 #9-81, Garc\u00eda Rovira, Bucaramanga, Santander.<\/p>\n        <\/div>\n    <\/div>\n<\/body>\n<\/html>\n","protected":false},"excerpt":{"rendered":"<p>Circuito de los Or\u00edgenes Circuito de los Or\u00edgenes \u00bfQuieres conocer el centro hist\u00f3rico Bucaramanga? En esta ruta descubrir\u00e1s la arquitectura, las historias y los personajes que han moldeado la ciudad, mientras recorres lugares emblem\u00e1ticos como la Casa del Libro Total, la Capilla de los Dolores y el Parque Garc\u00eda Rovira. Adem\u00e1s, deleitar\u00e1s el paladar con [&hellip;]<\/p>\n","protected":false},"author":1,"featured_media":0,"parent":0,"menu_order":0,"comment_status":"closed","ping_status":"closed","template":"","meta":{"footnotes":""},"class_list":["post-554","page","type-page","status-publish","hentry"],"_links":{"self":[{"href":"https:\/\/imct.gov.co\/circuito\/index.php\/wp-json\/wp\/v2\/pages\/554","targetHints":{"allow":["GET"]}}],"collection":[{"href":"https:\/\/imct.gov.co\/circuito\/index.php\/wp-json\/wp\/v2\/pages"}],"about":[{"href":"https:\/\/imct.gov.co\/circuito\/index.php\/wp-json\/wp\/v2\/types\/page"}],"author":[{"embeddable":true,"href":"https:\/\/imct.gov.co\/circuito\/index.php\/wp-json\/wp\/v2\/users\/1"}],"replies":[{"embeddable":true,"href":"https:\/\/imct.gov.co\/circuito\/index.php\/wp-json\/wp\/v2\/comments?post=554"}],"version-history":[{"count":5,"href":"https:\/\/imct.gov.co\/circuito\/index.php\/wp-json\/wp\/v2\/pages\/554\/revisions"}],"predecessor-version":[{"id":691,"href":"https:\/\/imct.gov.co\/circuito\/index.php\/wp-json\/wp\/v2\/pages\/554\/revisions\/691"}],"wp:attachment":[{"href":"https:\/\/imct.gov.co\/circuito\/index.php\/wp-json\/wp\/v2\/media?parent=554"}],"curies":[{"name":"wp","href":"https:\/\/api.w.org\/{rel}","templated":true}]}}

<!DOCTYPE html>
<html lang="es">
<head>
    <meta charset="UTF-8">
    <meta name="viewport" content="width=device-width, initial-scale=1.0">
    <title>Circuito de los Orígenes</title>
    <style>
        body {
            font-family: 'Arial', sans-serif;
            margin: 0;
            padding: 0;
            color: #333;
            background-color: #f9f9f9;
        }
        .container {
            max-width: 1200px;
            margin: 0 auto;
            padding: 20px;
        }
        .header {
            text-align: center;
            padding: 40px 20px;
            background: url('https://imct.gov.co/circuito/wp-content/uploads/2025/03/bacj.png') no-repeat center center;
            background-size: cover;
            color: white;
        }
        .header h1 {
            margin: 0;
            font-size: 2.2em;
            color: white;
        }
        .gallery {
            display: grid;
            grid-template-columns: repeat(auto-fit, minmax(300px, 1fr));
            gap: 15px;
            margin: 30px 0;
        }
        .gallery img {
            width: 100%;
            height: auto;
            border-radius: 8px;
            box-shadow: 0px 4px 10px rgba(0, 0, 0, 0.2);
        }
        .content-section {
            background: white;
            padding: 30px;
            border-radius: 10px;
            box-shadow: 0px 4px 10px rgba(0, 0, 0, 0.1);
            margin-bottom: 20px;
        }
        .highlight-section {
            background: url('https://imct.gov.co/circuito/wp-content/uploads/2025/03/bacj.png') no-repeat center center;
            background-size: cover;
            padding: 30px;
            border-radius: 10px;
            box-shadow: 0px 4px 10px rgba(0, 0, 0, 0.2);
            text-align: center;
            font-weight: bold;
            color: white;
        }
        .highlight-section h3 {
            color: white !important;
            text-align: center !important;
        }
        .title-container {
            display: flex;
            align-items: center;
            gap: 5px;
        }
        .title-container img {
            width: 24px;
            height: 24px;
            opacity: 0.6;
        }
        .content-section h2 {
            color: #008000;
            font-size: 1.5em;
            padding-bottom: 10px;
            border-bottom: 3px solid #ccc;
            display: flex;
            align-items: center;
            gap: 5px;
        }
        .three-columns {
            display: flex;
            flex-direction: column;
            gap: 20px;
        }
        .gray-background {
            background-color: #f0f0f0;
        }
        .column {
            flex: 1;
        }
        @media (min-width: 768px) {
            .three-columns {
                flex-direction: row;
            }
        }
    </style>
</head>
<body>
    <div class="header">
        <h1>Circuito de los Orígenes</h1>
    </div>
    <div class="container">
        <div class="content-section">
            <div class="title-container">
                <h2>¿Quieres conocer el centro histórico Bucaramanga? <img decoding="async" src="https://imct.gov.co/circuito/wp-content/uploads/2025/03/8ixrxoArT.png" alt="Icono"></h2>
            </div>
            <p>En esta ruta descubrirás la arquitectura, las historias y los personajes que han moldeado la ciudad, mientras recorres lugares emblemáticos como la Casa del Libro Total, la Capilla de los Dolores y el Parque García Rovira. Además, deleitarás el paladar con los manjares de nuestra región.  <b>¡Un plan imperdible! <b></p>
        </div>
        <div class="gallery">
            <img decoding="async" src="https://imct.gov.co/circuito/wp-content/uploads/2025/03/24-de-Agosto-de-2024-FOTOGRAFIA-1-Circuito-de-los-Origenes-Hotel-Sonesta-scaled.jpg" alt="Foto 1">
            <img decoding="async" src="https://imct.gov.co/circuito/wp-content/uploads/2025/04/circ-3.png" alt="Foto 2">
            <img decoding="async" src="https://imct.gov.co/circuito/wp-content/uploads/2025/04/13-de-Abril-de-2024-FOTOGRAFIA-1-Circuito-de-los-Origenes.-1-scaled.jpg" alt="Foto 3">
        </div>
        <div class="content-section">
            <h2>Itinerario</h2>
            <p>Nos reuniremos a la hora indicada en la Casa del Libro Total, una emblemática casona
colonial con más de 200 años de historia. En este punto de partida, el café será el gran
protagonista.
Allí serán recibidos por un guía turístico y dos personajes que representan la
idiosincrasia de nuestra región: Alejandrina Peña y Tulio Pascual, dos santandereanos
de pura cepa. <br>
Durante el recorrido, visitaremos sitios emblemáticos como la Capilla de los ‘Dolores’,
la Alcaldía de Bucaramanga, la Plaza Cívica ‘Luis Carlos Galán’, el Parque ‘García
Rovira’, la Iglesia de ‘San Laureano’ y el Patio de los ‘Edecanes’, entre otros. Estas
edificaciones han sido testigos clave del origen y la evolución de la ciudad bonita. <br>
En nuestra ruta admiraremos los principales monumentos de personajes que han
moldeado la ciudad, como el Monumento a los Fundadores, el Busto ‘Homenaje a
Galán’, el monumento a ‘Custodio Garcia Rovira’ y la escultura de ‘Manuela Beltrán’.
Además de recorrer el centro histórico, disfrutaremos de la gastronomía local a través
de empresas que, durante décadas, se han consolidado como referentes de la tradición
santandereana.
Tras dos horas y media de experiencia, nos despediremos y daremos cierre al Circuito
de los Orígenes.</p>
        </div>
        <div class="content-section three-columns gray-background">
            <div class="column">
                <h2>Detalles</h2>
                <ul>
                    <li>Duración: 2h 30m.</li>
                    <li>Idioma: Español e inglés.</li>
                    <li>Incluye: Guía turístico, degustaciones, descuentos.</li>
                     <li>Esfuerzo: Apto para toda la familia.</li>
                     <li>Valor: gratuito</li>
                </ul>
            </div>
            <div class="column">
                <h2>Reservas</h2>
                <ul>
                    <li>Lunes a viernes: (Entidades, universidades y colegios)</li>
                    <li>Sábados: Particulares (Público en general) </li>
                  
                </ul>
            </div>
            <div class="column">
                <h2>Accesibilidad &#038; Operador</h2>
                <ul>
                    <li>Accesible en silla de ruedas (requiere acompañante).</li>
                   
                    <li>Mascotas permitidas.</li>
                    <li>Operador: IMCT / Alcaldía de Bucaramanga.</li>
                </ul>
            </div>
        </div>
        <div class="content-section highlight-section">
            <h3>Punto de encuentro:</h3>
            <p>Casa del Libro Total de Bucaramanga, Cl 35 #9-81, García Rovira, Bucaramanga, Santander.</p>
        </div>
    </div>
</body>
</html>

<p>Circuito de los Orígenes Circuito de los Orígenes ¿Quieres conocer el centro histórico Bucaramanga? En esta ruta descubrirás la arquitectura, las historias y los personajes que han moldeado la ciudad, mientras recorres lugares emblemáticos como la Casa del Libro Total, la Capilla de los Dolores y el Parque García Rovira. Además, deleitarás el paladar con [&hellip;]</p>
